vided by 17.
16
Suppose 0 = -2*w - 3*c + 58, -c - 72 = -2*w - 22. Let j(o) = 2*o - 12. Calculate the remainder when w is divided by j(13).
12
Suppose 0 = 5*j + 5*z - 95, 0*j = -5*j + 5*z + 135. Calculate the remainder when 44 is divided by j.
21
Let c = 78 + -45. Let x = c - 20. Suppose -70 = -3*y - x. What is the remainder when y is divided by 7?
5
Suppose -a = 2*c - 22, -8*c + 5*a + 72 = -4*c. Let u be ((-10)/4 - -1)*2. What is the remainder when (-73)/(-3) - (-1)/u is divided by c?
11
Suppose 0 = -4*l + 14 + 2. Suppose 2*q - 60 = 2*s, 4*q - 112 + 8 = -l*s. Calculate the remainder when q is divided by (54/(-81))/(32/(-30) - -1).
8
Suppose -8*u = -9*u + 43. Calculate the remainder when u is divided by 11.
10
Suppose -5*u = 9*u - 1806. Let c = 51 - 18. What is the remainder when u is divided by c?
30
Let v(o) = -o**3 - o**2 + 4*o + 5. What is the remainder when v(-5) is divided by 28 - -3*(-3)/(-9)?
27
Suppose 0 = -2*c, -5*c + 2 = b - 4. Calculate the remainder when 17 is divided by b.
5
Suppose p + 6*p = 161. Calculate the remainder when 43 is divided by p.
20
Suppose -3*w = -w + 12. Suppose 0 = o - 2. What is the remainder when (w - (o - 3))*-5 is divided by 13?
12
Let s(k) = 6*k - 4. Let i(o) = -o + 1. Let q(l) = 2*l**2 + 8*l - 8. Let u(m) = 6*i(m) + q(m). What is the remainder when s(7) is divided by u(-3)?
8
Let f(q) be the second derivative of -17*q**3/6 + q**2/2 - 9*q. Calculate the remainder when f(-4) is divided by 24.
21
Suppose -4*p - 20 = u, -3*p + 31 = -2*u - 9. What is the remainder when 30 is divided by ((-24)/10)/(3/u)?
14
Suppose g - 3*g = -16. Let t(s) = -28*s. Calculate the remainder when t(-1) is divided by g.
4
Let n = -28 + 32. Calculate the remainder when 17 is divided by n.
1
Suppose 0 = -5*c - 2*l + 8, -2*l - 7 = -5*c + 5. Suppose -5 = 5*b, 2*b + b = 3*p - 9. What is the remainder when c is divided by p?
0
Suppose 2*m = 7*m - 5. Let d = m + 6. What is the remainder when d is divided by 3?
1
Suppose -3*r + 9 = -0*r. Suppose 3*w - 15 = 5*j, -w = -5*w + r*j + 20. Calculate the remainder when w is divided by 2.
1
Suppose -3*r + 2*r = -74. Let j = 20 + -1. What is the remainder when r is divided by j?
17
Let w = 12 + -13. Let z = w - -8. Calculate the remainder when 20 is divided by z.
6
Let o = -55 + 74. What is the remainder when o is divided by 7?
5
Let p(u) = -u**3 + 8*u**2 - 6*u - 4. Suppose -18 = -4*h + 18. What is the remainder when h is divided by p(7)?
0
Let s(p) = -p + 22. Let t = -30 + 52. What is the remainder when t is divided by s(16)?
4
Let v = -45 - -65. What is the remainder when 76 is divided by v?
16
Suppose 2*t = 5*b - 12, 0*b = -4*b + 3*t + 11. What is the remainder when 5 is divided by b?
1
Suppose 2*f = 3*p + 158, 4*p + p - 53 = -f. What is the remainder when f is divided by 25?
23
Suppose -4*o + 5 = -3. Suppose -h = -o*h. Suppose h = -3*q - 2*b + 127, -2*q - q = 4*b - 131. What is the remainder when q is divided by 14?
13
What is the remainder when (48/10)/((-4)/(-30)) is divided by 10?
6
Let l = -12 + 0. What is the remainder when (-486)/l + 2/4 is divided by 11?
8
Let p(c) = c**3 - 6*c**2 + 3*c + 2. Let h be p(6). Let v = h + -6. Calculate the remainder when 39 is divided by v.
11
Let a(d) = -d**2 + 7*d + 1. Let g be a(5). Suppose -119 = -5*t + 46. Suppose t = 2*h - g. Calculate the remainder when h is divided by 12.
10
Suppose -s = -3*x - 278, -2*s + x = 6*x - 611. What is the remainder when s is divided by 42?
41
Calculate the remainder when 66 is divided by (-67)/(-4) + (3 - (-44)/(-16)).
15
Let w(h) = 3*h - 2. Let x be w(4). Suppose -3*q - 23 = x. Let n = -5 - q. What is the remainder when 16 is divided by n?
4
Let p be 64/36 + 4/18. Suppose 3*b = 5*b. Suppose b*o = -p*o + 34. What is the remainder when o is divided by 6?
5
Let t = 186 + -157. Calculate the remainder when t is divided by 16.
13
Let n = 76 - 58. Suppose -2*c = -6*c + 208. What is the remainder when c is divided by n?
16
Suppose 6*t - 2*t = 148. What is the remainder when t is divided by -2 + 2 + -4 + 23?
18
Suppose -3*d + 3 = -3. Let i be (1*14)/((-2)/d). Let f = i - -20. Calculate the remainder when 16 is divided by f.
4
Let m(i) = -i + 9. Let x be m(-7). Let y = 36 - x. Suppose -y = -2*l - 0*l. What is the remainder when 28 is divided by l?
8
Calculate the remainder when 52 is divided by (-112)/(-7) - (-1 - (-1 - 2)).
10
Let v = -27 - -68. Let n = v - 17. Calculate the remainder when 45 is divided by n.
21
Let q be -3 + 1*(3 + 3). Let d(j) = 6*j - 4. Let z(g) = -g**3 - 8*g**2 - 2*g - 11. Calculate the remainder when d(q) is divided by z(-8).
4
Let h = -2 + 4. Suppose 5*x - h*x - k = 107, 0 = -x - 3*k + 19. Calculate the remainder when x is divided by 280/15 - (-2)/(-3).
16
Let i(l) = l**2 - 11*l + 7. Let k be i(10). What is the remainder when (-146)/k - 17/(-51) is divided by 26?
23
Let d = -102 + 53. Calculate the remainder when (-1792)/d - 8/14 is divided by (0 - -12) + 1 + 0.
10
Let q = 40 - 29. Let r be -1*8*(-3 - -2). Let j = r - 5. What is the remainder when q is divided by j?
2
Let u(n) be the second derivative of -n**3/2 - 3*n**2 - n. Calculate the remainder when u(-9) is divided by 11.
10
Suppose -3*a - 6 = -30. What is the remainder when 584/16 + ((-6)/(-4))/3 is divided by a?
5
Let d = 12 + -8. Let j(p) = 2*p**2 - 3*p - 5. What is the remainder when 44 is divided by j(d)?
14
Let h = 5 - 0. Let d(g) = -4*g - 5 + 12*g + 0*g**2 - g**2. What is the remainder when d(h) is divided by 6?
4
Let g(k) = k**2 + 1. Let h be (-1 - 1)*(-3)/(-2). Calculate the remainder when g(h) is divided by 6.
4
Let b be 10/1*7/14. Suppose 40 = 4*z - s, 2*z + 0*s = -b*s + 20. Calculate the remainder when 29 is divided by z.
9
Suppose 3*m - 36 = 2*w - 6, -5*m + 66 = 2*w. Calculate the remainder when 8/m - (-172)/3 is divided by 30.
28
Let f = -72 + 105. What is the remainder when (-6)/(-33) + 951/f is divided by 10?
9
Let b be (0 - -2)/(2/4). Let r = b - -8. Suppose -2*p + p + r = a, -a - 5*p = 0. Calculate the remainder when 44 is divided by a.
14
Suppose -5*p + 4*p = -8. Let b be p + -1 + (2 - 3). Suppose -i + b + 6 = 0. Calculate the remainder when 23 is divided by i.
11
Suppose -4*y + 84 = -2*c, -5*y + c = -c - 103. Suppose 0 = -0*a - 3*a + 162. Calculate the remainder when a is divided by y.
16
Suppose -5*b + b + 28 = -3*d, 3*d = 0. Calculate the remainder when 19 is divided by b.
5
Let t = -17 - -33. Suppose 2*k = 3*b + t, 5*b - 42 = -4*k + 34. Calculate the remainder when 6/(-15)*(-69 + 4) is divided by k.
12
Suppose 5*h + 61 = 3*d, 3*h - 12 + 75 = 4*d. Calculate the remainder when 22 is divided by d.
10
Let f = -56 - -121. Calculate the remainder when f is divided by 34.
31
Let n = 55 + -52. Calculate the remainder when 17 is divided by n.
2
Let t(z) = -6*z - 3. What is the remainder when 14 + 4 + -3 + 2 is divided by t(-2)?
8
Suppose u = -6 + 34. Calculate the remainder when 53 is divided by u.
25
Suppose -p - 2*f = -6*p + 507, 5*p - 4*f - 509 = 0. What is the remainder when p is divided by 34?
33
Calculate the remainder when 41 is divided by -4 + 4 + 14/1.
13
Let n(k) = -k + 39. Let g(z) = -z**3 - 10*z**2 - 11*z - 4. Calculate the remainder when n(-16) is divided by g(-9).
13
Suppose 0 = w - 27 - 4. Suppose -2*n = -4*b - w - 29, 45 = n - 5*b. What is the remainder when n is divided by 7?
6
Let m(j) = -j**2 + 6*j - 4. Let z be m(4). Suppose 2*a - 18 = d, 4*d = z*a - 43 + 11. What is the remainder when (-2 + a/4)*2 is divided by 1?
0
What is the remainder when 18 is divided by (-124)/(-12) - (-1)/(-3)?
8
Let y(c) = 13*c + 1. Let p be y(-3). Let t = p - -82. Let v(w) = -w**3 + 6*w**2 - 5*w + 3. Calculate the remainder when t is divided by v(4).
14
Let q(z) = -z - 3. Suppose 5*m = s + 3*s - 57, -m - 3*s - 19 = 0. Let w = 15 + m. What is the remainder when w is divided by q(-4)?
0
Let u(o) = o**3 + 4*o**2 + 2*o. Let c be u(-4). Let l be 1/4 + (-158)/c. Suppose g - l = -0*g. What is the remainder when g is divided by 7?
6
Let g(c) = c**3 + 5*c**2 + 3. Let m be g(-5). Suppose 12 = m*v - 0*v. Calculate the remainder when 11 is divided by v.
3
Let y = -4 - -6. Calculate the remainder when y is divided by -7*21/49 - -1*4.
0
Calculate the remainder when 32 is divided by ((-8)/(-12))/(4/102).
15
Let y(m) be the third derivative of 3*m**2 - 1/